s the highest common divisor of 84 and y?
14
Suppose 3*a - 14 = l, -a + l = -4*l - 28. Suppose -a*f = -2*f. Suppose 0 = -5*x - f*x + 495. What is the highest common divisor of x and 11?
11
Let g(m) = -17*m + 1202. Let d be g(69). Calculate the greatest common divisor of 87 and d.
29
Let x = 186 - 138. Calculate the greatest common divisor of 16 and x.
16
Let i(s) = s**3 - 5*s**2 + 8*s - 3. Let t be i(4). Suppose -t = -4*j - 9. Let l be 23/(j*(-4)/(-28)). Calculate the highest common factor of l and 23.
23
Suppose -3*t + r + 938 = 0, 13*t - 618 = 11*t - 3*r. Calculate the highest common divisor of t and 48.
24
Let k = 2759 - 2750. What is the highest common factor of 243 and k?
9
Let t = -75 + 80. Suppose 68 + 57 = t*v. What is the highest common divisor of v and 125?
25
Let c = -58251 - -58260. Let s be (1 + 0)*3*3. Suppose -2*r + 3*r - s = 0. Calculate the highest common factor of r and c.
9
Let z(i) = -i**2 - 2*i + 32. Let a be z(0). Let o = -1 + 5. Calculate the highest common factor of a and o.
4
Suppose 0 = 5*l - 2*t - 18, 3*l = 39*t - 44*t - 14. Suppose 0*a = 4*a, 0 = -2*d + 4*a - 28. Let i = l - d. What is the highest common divisor of i and 2?
2
Let r be (-86)/(-215) + (-48)/(-5). Let x be (48/5)/(4/50). Calculate the greatest common divisor of x and r.
10
Let g be (9/(27/(-12)))/(-1). Suppose -g*w - 5*r = -20, w - 8 = -r - r. Suppose -5*p + 9 - 4 = w. What is the highest common divisor of 11 and p?
1
Let b = -8 - -6. Let p = 4 - b. Let x be (p/4)/((-12)/(-16)). What is the greatest common divisor of 3 and x?
1
Let u = 938 + -678. What is the highest common divisor of 200 and u?
20
Let b be 12*(-22)/33 + 30. Suppose -5*p - 33 = -4*u, -2*p - 1 = 9. Calculate the greatest common divisor of b and u.
2
Suppose 840 = -30*i + 33*i. What is the greatest common factor of i and 105?
35
Let x = -92 + 364. What is the highest common factor of x and 48?
16
Let f be (-4)/(-82) + (-13764)/(-246). What is the greatest common factor of 49 and f?
7
Suppose 5*z + 562 = 2*v - 858, 0 = -2*v - z + 1432. Calculate the highest common factor of 55 and v.
55
Let c(r) = -r**2 - r + 11. Let y be c(8). Let z = -37 - y. Let t = 10 - -2. Calculate the highest common factor of t and z.
12
Let r(v) = v**2 - 5*v + 53. Let m be r(5). Calculate the greatest common factor of m and 848.
53
Suppose -98 = -a - u, -u = -a + 43 + 55. Let x = -92 + a. Suppose 2*l - 35 = 13. What is the highest common divisor of x and l?
6
Let g(t) = -3*t - 6. Let o be g(-2). Let w be o + 81 + 0/(-1). Calculate the greatest common divisor of 9 and w.
9
Let o(x) = -2*x**3 + 16*x**2 - 10*x + 21. Let m be o(6). Calculate the highest common divisor of 42 and m.
21
Let i be (-7)/(28/16) + -7. Let h(s) = s**2 + 11*s + 12. Let g be h(i). Suppose 4*v - g = -0*v. What is the greatest common divisor of 6 and v?
3
Let f(z) = 8*z - 22. Let t be f(5). What is the highest common divisor of 99 and t?
9
Let w(k) = -k + 9. Suppose 0*f - 5*f + d = 42, 4*d = -2*f - 8. Let b be w(f). What is the highest common divisor of b and 68?
17
Suppose 124 + 147 = 4*h + v, 2*h = -2*v + 134. Calculate the greatest common divisor of h and 561.
17
Let s(j) = -j**3 - 9*j**2 - 4*j - 4. Let l be s(-6). Let x be (-16)/l - (-218)/11. Let i be 3/((-4)/x*-3). What is the highest common factor of i and 10?
5
Let t(l) = 57*l**2 - 8*l - 4. Let o be t(-2). Calculate the greatest common divisor of 40 and o.
40
Suppose -3*l = 6*b - 297, 0*b - 4*b = -4*l + 360. What is the highest common divisor of l and 1488?
93
Suppose 2*f = -5*g, 0 = 4*f - 3*g - 0*g. Suppose f = -10*c + 18*c - 264. What is the highest common factor of 363 and c?
33
Let o(a) = a**3 - 8*a**2 + a + 10. Let t be o(8). Let h be (0 - t - 0) + -3. Let i = 3 - h. What is the highest common factor of 24 and i?
24
Suppose -754 = -4*l + 406. Calculate the highest common factor of l and 116.
58
Let s(w) = w**3 - 10*w**2 + 9*w + 82. Let v be s(8). Let h be (-5)/((-1 - 1)/2). Suppose h*p - 650 = -0*p. Calculate the greatest common factor of v and p.
26
Suppose 10*h + 14 = 34. What is the greatest common factor of 1 and h?
1
Let q(m) = 5*m**3 + 8*m**2 + 4*m + 6. Let a be q(-4). Let x = -111 - a. What is the highest common factor of 13 and x?
13
Suppose -8 = -o - 4. Suppose 4*k + o*z - 224 = 0, 0*z = -3*k - z + 164. Let f = 0 - -18. What is the highest common factor of k and f?
18
Suppose -42 + 168 = -3*b. Let h = -6 - b. What is the highest common divisor of h and 9?
9
Let v(n) = n**3 + 10*n**2 + 16*n. Let p be v(-8). Let u be 2 + (p + -3)/(-3). What is the greatest common divisor of 6 and u?
3
Let p(a) = 2*a + 12. Let c be p(-5). Let i be (27/(-6) - 4)*c. Let o = i - -29. Calculate the highest common divisor of 84 and o.
12
Let d(p) = 3*p - 52. Let w be d(17). Let f be (w - 3)/4 - -36. Calculate the highest common divisor of f and 21.
7
Suppose -4*s - 6*i + 4*i = -2494, -5*s - 4*i + 3125 = 0. What is the highest common divisor of 23 and s?
23
Suppose f - 60 = -12. Let r be (-38)/(-8) + -3 - 4/(-16). Suppose 4 = p - 0*p - r*k, -p + k = -8. Calculate the highest common divisor of f and p.
12
Let i(o) = o**3 - 39*o**2 + 41*o + 7. Let h be i(38). Calculate the greatest common factor of 22 and h.
11
Let a(r) be the first derivative of r**4/4 + 2*r**3 + 5*r**2/2 + 6*r + 13. Let k be a(-4). What is the greatest common divisor of k and 36?
18
Let f = 386 + -169. Calculate the greatest common factor of 7 and f.
7
Suppose 11*r + 3*j = 12*r - 25, -4*r + 64 = -3*j. Calculate the highest common factor of r and 689.
13
Suppose 8*r - 7*r = 11. Let o = 23 - r. What is the greatest common factor of 20 and o?
4
Suppose 3*j + 2*j = -2*w + 159, -4*w + 3*j = -305. Suppose -66*h - 75*h - 132*h = -3003. Calculate the greatest common divisor of w and h.
11
Let r = 20 - 9. Suppose -14*y + 360 = -r*y. Calculate the highest common divisor of y and 24.
24
Let q = -11 + 13. Suppose -38 = -q*m - 5*i + 1, -5*i - 185 = -5*m. What is the greatest common divisor of m and 48?
16
Let u = -315 + 531. Suppose -4*s + u = 2*r, 2*s - s = 2*r - 226. Let a(i) = -2*i**2 + 41*i - 43. Let z be a(19). What is the highest common factor of z and r?
14
Suppose -87 = -2*p - 2*x - 21, 0 = -p + 2*x + 39. Suppose 3*a - 205 = -i, -5*i + 272 = 5*a - 53. Calculate the highest common divisor of a and p.
35
Suppose -258*z = -262*z + 48. What is the greatest common divisor of z and 132?
12
Let s(y) = -y. Let v(h) = -2*h + 23. Let n(p) = -3*s(p) + v(p). Let j be n(-11). Calculate the greatest common divisor of 8 and j.
4
Let u be (-102)/(-13) - (-9)/(351/6). Let g(q) = -q**2 + 10*q + 7. Let b be g(u). What is the highest common divisor of 1 and b?
1
Let j be (697/(-34) - (0 + 4))*-8. Calculate the highest common factor of 49 and j.
49
Let q(h) = 103*h**3 + 7*h**2 + 9*h - 24. Let i be q(2). Calculate the greatest common divisor of i and 18.
18
Suppose -3*h - h = -480. Suppose 40 = -0*y + 5*y. Suppose y*c = 4*c + 60. What is the greatest common divisor of c and h?
15
Suppose 4*s = 4*b + 14004, s = 4*b - 2*b + 7002. Let r be b/(-45) - (-1)/5. What is the greatest common factor of r and 52?
26
Let m = 146 - 52. Suppose -4*k = -m - 26. Let v be ((-2)/3)/(-2*2/60). Calculate the greatest common divisor of k and v.
10
Let q = 630 + -465. What is the highest common factor of q and 99?
33
Let y = -21 + 25. Let j(w) = 27*w + 23. Let a(z) = 9*z + 8. Let d(l) = -11*a(l) + 4*j(l). Let c be d(y). What is the highest common divisor of c and 16?
8
Suppose j + 2*j - 3*h + 24 = 0, -2*j = 3*h + 16. Let d = 6 + j. Let f be 77 - (-2 - d)/(-3). Calculate the greatest common divisor of f and 7.
7
Let a = 25 - -15. Let n(w) = -24*w**2 + 201*w - 12. Let o be n(8). What is the highest common divisor of a and o?
20
Let b be ((-33)/(-27) - 1) + 1932/54. Calculate the greatest common divisor of b and 288.
36
Suppose 3*n = 4*k - 43, -5*n + 3 = 2*k + 14. Let g be (-2)/(-9) - 939/(-27). Calculate the highest common divisor of k and g.
7
Let p(v) = -4 + 2 + 13*v + 13*v**2 + v**3 + 8 + 8. Let w be p(-12). Calculate the greatest common factor of 16 and w.
2
Let l(o) = 3*o**2 + 14*o - 11. Let b(t) = -t**2 - t. Let m(q) = -4*b(q) - l(q). Let g be m(9). What is the highest common factor of 14 and g?
2
Let z = 112 + 184. Calculate the greatest common factor of z and 8.
8
Suppose